the tens digit of 60339?
3
What is the ten thousands digit of 709419?
0
What is the tens digit of 311810?
1
What is the hundred thousands digit of 348914?
3
What is the hundred thousands digit of 163420?
1
What is the hundreds digit of 19523441?
4
What is the tens digit of 31184?
8
What is the tens digit of 1299116?
1
What is the millions digit of 11246886?
1
What is the units digit of 390554?
4
What is the ten thousands digit of 378132?
7
What is the ten thousands digit of 227752?
2
What is the units digit of 838290?
0
What is the units digit of 3184687?
7
What is the thousands digit of 7825685?
5
What is the tens digit of 1821104?
0
What is the hundreds digit of 307877?
8
What is the ten millions digit of 13467525?
1
What is the ten thousands digit of 787705?
8
What is the hundred thousands digit of 2905642?
9
What is the hundred thousands digit of 4295425?
2
What is the thousands digit of 4779905?
9
What is the thousands digit of 112452?
2
What is the hundreds digit of 161335?
3
What is the tens digit of 195061?
6
What is the thousands digit of 1224483?
4
What is the units digit of 946875?
5
What is the ten millions digit of 13491480?
1
What is the thousands digit of 74010?
4
What is the units digit of 1817071?
1
What is the hundreds digit of 6411152?
1
What is the thousands digit of 85637?
5
What is the millions digit of 9691097?
9
What is the hundreds digit of 37205227?
2
What is the hundred thousands digit of 4975239?
9
What is the hundred thousands digit of 745525?
7
What is the thousands digit of 1587715?
7
What is the hundred thousands digit of 725813?
7
What is the hundreds digit of 2458571?
5
What is the thousands digit of 249729?
9
What is the ten thousands digit of 21195431?
9
What is the hundred thousands digit of 1494022?
4
What is the units digit of 423936?
6
What is the hundred thousands digit of 103290?
1
What is the hundred thousands digit of 2003564?
0
What is the tens digit of 1309593?
9
What is the tens digit of 938017?
1
What is the hundreds digit of 588113?
1
What is the units digit of 20334412?
2
What is the ten thousands digit of 60015?
6
What is the millions digit of 3414982?
3
What is the ten thousands digit of 20804?
2
What is the thousands digit of 2906943?
6
What is the tens digit of 1543685?
8
What is the hundreds digit of 20012?
0
What is the ten thousands digit of 2432790?
3
What is the units digit of 1453808?
8
What is the hundred thousands digit of 2707694?
7
What is the hundreds digit of 9898914?
9
What is the hundreds digit of 2737630?
6
What is the millions digit of 1793063?
1
What is the ten millions digit of 37267269?
3
What is the ten thousands digit of 127534?
2
What is the units digit of 1822862?
2
What is the units digit of 551873?
3
What is the units digit of 1608661?
1
What is the tens digit of 216821?
2
What is the millions digit of 7956720?
7
What is the hundred thousands digit of 2782857?
7
What is the ten thousands digit of 9869103?
6
What is the hundreds digit of 193297?
2
What is the thousands digit of 5891723?
1
What is the tens digit of 2367311?
1
What is the hundreds digit of 436865?
8
What is the hundreds digit of 4937976?
9
What is the thousands digit of 405392?
5
What is the hundred thousands digit of 274836?
2
What is the hundreds digit of 331615?
6
What is the hundred thousands digit of 4305989?
3
What is the thousands digit of 3034911?
4
What is the millions digit of 1998658?
1
What is the ten thousands digit of 1413666?
1
What is the hundred thousands digit of 3557255?
5
What is the units digit of 2408400?
0
What is the hundred thousands digit of 1870539?
8
What is the ten thousands digit of 66443?
6
What is the millions digit of 4750153?
4
What is the hundreds digit of 5483609?
6
What is the tens digit of 791849?
4
What is the units digit of 5773511?
1
What is the hundred thousands digit of 2414176?
4
What is the thousands digit of 71546?
1
What is the thousands digit of 12155176?
5
What is the hundred thousands digit of 17741289?
7
What is the tens digit of 592092?
9
What is the units digit of 663778?
8
What is the ten thousands digit of 328738?
2
What is the units digit of 485061?
1
What is the millions digit of 1035168?
1
What is the thousands digit of 20623?
0
What is the hundreds digit of 25357502?
5
What is the ten millions digit of 17363502?
1
What is the ten thousands digit of 2514005?
1
What is the millions digit of 5993122?
5
What is the thousands digit of 156115?
6
What is the ten thousands digit of 325926?
2
What is the thousands digit of 7378714?
8
What is the thousands digit of 286935?
6
What is the tens digit of 12550669?
6
What is the millions digit of 1112659?
1
What is the units digit of 626640?
0
What is the thousands digit of 14914?
4
What is the hundreds digit of 1156843?
8
What is the tens digit of 3067029?
2
What is the millions digit of 9893453?
9
What is the thousands digit of 3580015?
0
What is the ten thousands digit of 16611938?
1
What is the hundreds digit of 584849?
8
What is the tens digit of 11340302?
0
What is the hundreds digit of 4086102?
1
What is the ten thousands digit of 456032?
5
What is the thousands digit of 364254?
4
What is the millions digit of 1921244?
1
What is the millions digit of 1176168?
1
What is the hundreds digit of 391800?
8
What is the tens digit of 50341?
4
What is the ten thousands digit of 6790017?
9
What is the hundred thousands digit of 1658468?
6
What is the tens digit of 275154?
5
What is the thousands digit of 20211140?
1
What is the hundreds digit of 276367?
3
What is the hundreds digit of 7558705?
7
What is the thousands digit of 421866?
1
What is the thousands digit of 503038?
3
What is the units digit of 3851497?
7
What is the units digit of 1734949?
9
What is the tens digit of 4521011?
1
What is the units digit of 976189?
9
What is the hundred thousands digit of 1179312?
1
What is the thousands digit of 2513680?
3
What is the thousands digit of 23606624?
6
What is the tens digit of 4757739?
3
What is the units digit of 420938?
8
What is the hundred thousands digit of 165064?
1
What is the hundred thousands digit of 874541?
8
What is the hundreds digit of 26160717?
7
What is the thousands digit of 3131242?
1
What is the hundred thousands digit of 5423572?
4
What is the millions digit of 1174571?
1
What is the thousands digit of 294995?
4
What is the units digit of 112668?
8
What is the units digit of 210280?
0
What is the hundred thousands digit of 203483?
2
What is the hundred thousands digit of 26078792?
0
What is the hundred thousands digit of 520602?
5
What is the hundred thousands digit of 354768?
3
What is the thousands digit of 10947786?
7
What is the thousands digit of 1513235?
3
What is the ten thousands digit of 40458?
4
What is the tens digit of 7849508?
0
What is the tens digit of 415947?
4
What is the thousands digit of 5173440?
3
What is the hundreds digit of 275805?
8
What is the tens digit of 4225190?
9
What is the hundred thousands digit of 268089?
2
What is the tens digit of 276989?
8
What is the hundreds digit of 1430217?
2
What is the hundred thousands digit of 573267?
5
What is the ten thousands digit of 612885?
1
What is the hundred thousands digit of 1371620?
3
What is the ten thousands digit of 651970?
5
What is the millions digit of 4363895?
4
What is the tens digit of 41736?
3
What is the hundreds digit of 744159?
1
What is the hundreds digit of 444218?
2
What is the hundreds digit of 660747?
7
What is the hundreds digit of 1477238?
2
What is the tens digit of 298295?
9
What is the units digit of 588721?
1
What is the hundreds digit of 362649?
6
What is the ten thousands digit of 6392001?
9
What is the hundred thousands digit of 8956621?
9
What is the ten thousands digit of 34647031?
4
What is the thousands digit of 865486?
5
What is the ten thousands digit of 85869?
8
What is the thousands digit of 558097?
8
What is the thousands digit of 12736418?
6
What is the ten thousands digit of 227775?
2
What is the units digit of 596693?
3
What is the tens digit of 124272?
7
What is the millions digit of 26803979?
6
What is the hundred thousands digit of 2492417?
4
What is the hundreds digit of 4790051?
0
What is the units digit of 14804046?
6
What is the hundred thousands digit of 5126173?
